{"id":178,"date":"2026-02-18T07:54:47","date_gmt":"2026-02-18T07:54:47","guid":{"rendered":"https:\/\/catfiesta.com\/evstorepa\/?post_type=product&#038;p=178"},"modified":"2026-02-27T06:20:04","modified_gmt":"2026-02-27T06:20:04","slug":"television-inteligente-para-el-bano-ocea-style-220","status":"publish","type":"product","link":"https:\/\/evervue.com.pa\/tienda\/producto\/television-inteligente-para-el-bano-ocea-style-220\/","title":{"rendered":"Ocea Style 220 Inteligente Para Ba\u00f1o (22\u2033, Full HD)"},"content":{"rendered":"","protected":false},"excerpt":{"rendered":"<ul>\n<li>TV inteligente resistente al agua para ba\u00f1o.<\/li>\n<li>El televisor desaparece completamente cuando est\u00e1 apagado y Ocea Style se convierte en un hermoso espejo plateado.<\/li>\n<li>F\u00e1cil de instalar: monta en la pared, conecta la energ\u00eda, con\u00e9ctate al Wi-Fi: \u00a1Listo!<\/li>\n<li>Haz de todo: casi todo lo que puedes hacer en tu tel\u00e9fono, puedes hacerlo en el Ocea Style.<\/li>\n<li>Elige entre diferentes colores y estilos para combinar con tu ba\u00f1o.<\/li>\n<li>Control remoto Zepp resistente al agua incluido para mayor tranquilidad.<\/li>\n<li>Con control por voz Alexa y Google Assistant.<\/li>\n<li>Incluye cable de alimentaci\u00f3n blanco de 15\u2019\/5 metros con enchufes resistentes al agua.<\/li>\n<li>Audio de alta fidelidad (2 x 10 vatios).<\/li>\n<li>Compatible con la aplicaci\u00f3n Mirror Feeds. <a href=\"https:\/\/www.mirrorfeeds.com\/\" target=\"_blank\" rel=\"noopener noreferrer\">\u00bfQu\u00e9 es esto?<\/a><\/li>\n<li>Garant\u00eda de f\u00e1brica de un a\u00f1o (piezas y mano de obra).<\/li>\n<li>Pol\u00edtica de devoluci\u00f3n sencilla: devoluciones dentro de los 14 d\u00edas (solo en EE. UU.).<\/li>\n<\/ul>\n<p>Haz clic <a href=\"https:\/\/www.oceatv.com\/ocea-style\/\" target=\"_blank\" rel=\"noopener noreferrer\">aqu\u00ed<\/a> para obtener m\u00e1s informaci\u00f3n sobre este producto.<\/p>\n","protected":false},"featured_media":249,"comment_status":"closed","ping_status":"closed","template":"","meta":[],"product_brand":[],"product_cat":[29],"product_tag":[],"class_list":{"0":"post-178","1":"product","2":"type-product","3":"status-publish","4":"has-post-thumbnail","6":"product_cat-ocea-style","7":"tm-has-options","9":"first","10":"instock","11":"taxable","12":"shipping-taxable","13":"purchasable","14":"product-type-simple"},"yoast_head":"<!-- This site is optimized with the Yoast SEO plugin v27.4 - https:\/\/yoast.com\/product\/yoast-seo-wordpress\/ -->\n<title>TV de Ba\u00f1o OCEA Style 22&quot; | Evervue Am\u00e9ricas S.A.<\/title>\n<meta name=\"description\" content=\"Compra el TV de Ba\u00f1o OCEA Style de 22 pulgadas. OCEA Style es un televisor inteligente resistente al agua disponible en diferentes colores, estilos y marcos. Se convierte en espejo cuando est\u00e1 apagado.\" \/>\n<meta name=\"robots\" content=\"index, follow, max-snippet:-1, max-image-preview:large, max-video-preview:-1\" \/>\n<link rel=\"canonical\" href=\"https:\/\/evervue.com.pa\/tienda\/producto\/television-inteligente-para-el-bano-ocea-style-220\/\" \/>\n<meta property=\"og:locale\" content=\"es_ES\" \/>\n<meta property=\"og:type\" content=\"article\" \/>\n<meta property=\"og:title\" content=\"TV de Ba\u00f1o OCEA Style 22&quot; | Evervue Am\u00e9ricas S.A.\" \/>\n<meta property=\"og:description\" content=\"Compra el TV de Ba\u00f1o OCEA Style de 22 pulgadas. OCEA Style es un televisor inteligente resistente al agua disponible en diferentes colores, estilos y marcos. Se convierte en espejo cuando est\u00e1 apagado.\" \/>\n<meta property=\"og:url\" content=\"https:\/\/evervue.com.pa\/tienda\/producto\/television-inteligente-para-el-bano-ocea-style-220\/\" \/>\n<meta property=\"og:site_name\" content=\"Evervue Am\u00e9ricas S.A.\" \/>\n<meta property=\"article:modified_time\" content=\"2026-02-27T06:20:04+00:00\" \/>\n<meta property=\"og:image\" content=\"https:\/\/evervue.com.pa\/tienda\/wp-content\/uploads\/ocea-style-220.gif\" \/>\n\t<meta property=\"og:image:width\" content=\"900\" \/>\n\t<meta property=\"og:image:height\" content=\"900\" \/>\n\t<meta property=\"og:image:type\" content=\"image\/gif\" \/>\n<meta name=\"twitter:card\" content=\"summary_large_image\" \/>\n<meta name=\"twitter:label1\" content=\"Tiempo de lectura\" \/>\n\t<meta name=\"twitter:data1\" content=\"1 minuto\" \/>\n<script type=\"application\/ld+json\" class=\"yoast-schema-graph\">{\"@context\":\"https:\\\/\\\/schema.org\",\"@graph\":[{\"@type\":\"WebPage\",\"@id\":\"https:\\\/\\\/evervue.com.pa\\\/tienda\\\/producto\\\/television-inteligente-para-el-bano-ocea-style-220\\\/\",\"url\":\"https:\\\/\\\/evervue.com.pa\\\/tienda\\\/producto\\\/television-inteligente-para-el-bano-ocea-style-220\\\/\",\"name\":\"TV de Ba\u00f1o OCEA Style 22\\\" | Evervue Am\u00e9ricas S.A.\",\"isPartOf\":{\"@id\":\"https:\\\/\\\/evervue.com.pa\\\/tienda\\\/#website\"},\"primaryImageOfPage\":{\"@id\":\"https:\\\/\\\/evervue.com.pa\\\/tienda\\\/producto\\\/television-inteligente-para-el-bano-ocea-style-220\\\/#primaryimage\"},\"image\":{\"@id\":\"https:\\\/\\\/evervue.com.pa\\\/tienda\\\/producto\\\/television-inteligente-para-el-bano-ocea-style-220\\\/#primaryimage\"},\"thumbnailUrl\":\"https:\\\/\\\/evervue.com.pa\\\/tienda\\\/wp-content\\\/uploads\\\/ocea-style-220.gif\",\"datePublished\":\"2026-02-18T07:54:47+00:00\",\"dateModified\":\"2026-02-27T06:20:04+00:00\",\"description\":\"Compra el TV de Ba\u00f1o OCEA Style de 22 pulgadas. OCEA Style es un televisor inteligente resistente al agua disponible en diferentes colores, estilos y marcos. Se convierte en espejo cuando est\u00e1 apagado.\",\"breadcrumb\":{\"@id\":\"https:\\\/\\\/evervue.com.pa\\\/tienda\\\/producto\\\/television-inteligente-para-el-bano-ocea-style-220\\\/#breadcrumb\"},\"inLanguage\":\"es\",\"potentialAction\":[{\"@type\":\"ReadAction\",\"target\":[\"https:\\\/\\\/evervue.com.pa\\\/tienda\\\/producto\\\/television-inteligente-para-el-bano-ocea-style-220\\\/\"]}]},{\"@type\":\"ImageObject\",\"inLanguage\":\"es\",\"@id\":\"https:\\\/\\\/evervue.com.pa\\\/tienda\\\/producto\\\/television-inteligente-para-el-bano-ocea-style-220\\\/#primaryimage\",\"url\":\"https:\\\/\\\/evervue.com.pa\\\/tienda\\\/wp-content\\\/uploads\\\/ocea-style-220.gif\",\"contentUrl\":\"https:\\\/\\\/evervue.com.pa\\\/tienda\\\/wp-content\\\/uploads\\\/ocea-style-220.gif\",\"width\":900,\"height\":900},{\"@type\":\"BreadcrumbList\",\"@id\":\"https:\\\/\\\/evervue.com.pa\\\/tienda\\\/producto\\\/television-inteligente-para-el-bano-ocea-style-220\\\/#breadcrumb\",\"itemListElement\":[{\"@type\":\"ListItem\",\"position\":1,\"name\":\"Home\",\"item\":\"https:\\\/\\\/evervue.com.pa\\\/tienda\\\/\"},{\"@type\":\"ListItem\",\"position\":2,\"name\":\"Comprar\",\"item\":\"https:\\\/\\\/evervue.com.pa\\\/tienda\\\/store\\\/\"},{\"@type\":\"ListItem\",\"position\":3,\"name\":\"Ocea Style 220 Inteligente Para Ba\u00f1o (22\u2033, Full HD)\"}]},{\"@type\":\"WebSite\",\"@id\":\"https:\\\/\\\/evervue.com.pa\\\/tienda\\\/#website\",\"url\":\"https:\\\/\\\/evervue.com.pa\\\/tienda\\\/\",\"name\":\"Evervue Am\u00e9ricas S.A.\",\"description\":\"\",\"potentialAction\":[{\"@type\":\"SearchAction\",\"target\":{\"@type\":\"EntryPoint\",\"urlTemplate\":\"https:\\\/\\\/evervue.com.pa\\\/tienda\\\/?s={search_term_string}\"},\"query-input\":{\"@type\":\"PropertyValueSpecification\",\"valueRequired\":true,\"valueName\":\"search_term_string\"}}],\"inLanguage\":\"es\"}]}<\/script>\n<!-- \/ Yoast SEO plugin. -->","yoast_head_json":{"title":"TV de Ba\u00f1o OCEA Style 22\" | Evervue Am\u00e9ricas S.A.","description":"Compra el TV de Ba\u00f1o OCEA Style de 22 pulgadas. OCEA Style es un televisor inteligente resistente al agua disponible en diferentes colores, estilos y marcos. Se convierte en espejo cuando est\u00e1 apagado.","robots":{"index":"index","follow":"follow","max-snippet":"max-snippet:-1","max-image-preview":"max-image-preview:large","max-video-preview":"max-video-preview:-1"},"canonical":"https:\/\/evervue.com.pa\/tienda\/producto\/television-inteligente-para-el-bano-ocea-style-220\/","og_locale":"es_ES","og_type":"article","og_title":"TV de Ba\u00f1o OCEA Style 22\" | Evervue Am\u00e9ricas S.A.","og_description":"Compra el TV de Ba\u00f1o OCEA Style de 22 pulgadas. OCEA Style es un televisor inteligente resistente al agua disponible en diferentes colores, estilos y marcos. Se convierte en espejo cuando est\u00e1 apagado.","og_url":"https:\/\/evervue.com.pa\/tienda\/producto\/television-inteligente-para-el-bano-ocea-style-220\/","og_site_name":"Evervue Am\u00e9ricas S.A.","article_modified_time":"2026-02-27T06:20:04+00:00","og_image":[{"url":"https:\/\/evervue.com.pa\/tienda\/wp-content\/uploads\/ocea-style-220.gif","width":900,"height":900,"type":"image\/gif"}],"twitter_card":"summary_large_image","twitter_misc":{"Tiempo de lectura":"1 minuto"},"schema":{"@context":"https:\/\/schema.org","@graph":[{"@type":"WebPage","@id":"https:\/\/evervue.com.pa\/tienda\/producto\/television-inteligente-para-el-bano-ocea-style-220\/","url":"https:\/\/evervue.com.pa\/tienda\/producto\/television-inteligente-para-el-bano-ocea-style-220\/","name":"TV de Ba\u00f1o OCEA Style 22\" | Evervue Am\u00e9ricas S.A.","isPartOf":{"@id":"https:\/\/evervue.com.pa\/tienda\/#website"},"primaryImageOfPage":{"@id":"https:\/\/evervue.com.pa\/tienda\/producto\/television-inteligente-para-el-bano-ocea-style-220\/#primaryimage"},"image":{"@id":"https:\/\/evervue.com.pa\/tienda\/producto\/television-inteligente-para-el-bano-ocea-style-220\/#primaryimage"},"thumbnailUrl":"https:\/\/evervue.com.pa\/tienda\/wp-content\/uploads\/ocea-style-220.gif","datePublished":"2026-02-18T07:54:47+00:00","dateModified":"2026-02-27T06:20:04+00:00","description":"Compra el TV de Ba\u00f1o OCEA Style de 22 pulgadas. OCEA Style es un televisor inteligente resistente al agua disponible en diferentes colores, estilos y marcos. Se convierte en espejo cuando est\u00e1 apagado.","breadcrumb":{"@id":"https:\/\/evervue.com.pa\/tienda\/producto\/television-inteligente-para-el-bano-ocea-style-220\/#breadcrumb"},"inLanguage":"es","potentialAction":[{"@type":"ReadAction","target":["https:\/\/evervue.com.pa\/tienda\/producto\/television-inteligente-para-el-bano-ocea-style-220\/"]}]},{"@type":"ImageObject","inLanguage":"es","@id":"https:\/\/evervue.com.pa\/tienda\/producto\/television-inteligente-para-el-bano-ocea-style-220\/#primaryimage","url":"https:\/\/evervue.com.pa\/tienda\/wp-content\/uploads\/ocea-style-220.gif","contentUrl":"https:\/\/evervue.com.pa\/tienda\/wp-content\/uploads\/ocea-style-220.gif","width":900,"height":900},{"@type":"BreadcrumbList","@id":"https:\/\/evervue.com.pa\/tienda\/producto\/television-inteligente-para-el-bano-ocea-style-220\/#breadcrumb","itemListElement":[{"@type":"ListItem","position":1,"name":"Home","item":"https:\/\/evervue.com.pa\/tienda\/"},{"@type":"ListItem","position":2,"name":"Comprar","item":"https:\/\/evervue.com.pa\/tienda\/store\/"},{"@type":"ListItem","position":3,"name":"Ocea Style 220 Inteligente Para Ba\u00f1o (22\u2033, Full HD)"}]},{"@type":"WebSite","@id":"https:\/\/evervue.com.pa\/tienda\/#website","url":"https:\/\/evervue.com.pa\/tienda\/","name":"Evervue Am\u00e9ricas S.A.","description":"","potentialAction":[{"@type":"SearchAction","target":{"@type":"EntryPoint","urlTemplate":"https:\/\/evervue.com.pa\/tienda\/?s={search_term_string}"},"query-input":{"@type":"PropertyValueSpecification","valueRequired":true,"valueName":"search_term_string"}}],"inLanguage":"es"}]}},"_links":{"self":[{"href":"https:\/\/evervue.com.pa\/tienda\/wp-json\/wp\/v2\/product\/178","targetHints":{"allow":["GET"]}}],"collection":[{"href":"https:\/\/evervue.com.pa\/tienda\/wp-json\/wp\/v2\/product"}],"about":[{"href":"https:\/\/evervue.com.pa\/tienda\/wp-json\/wp\/v2\/types\/product"}],"replies":[{"embeddable":true,"href":"https:\/\/evervue.com.pa\/tienda\/wp-json\/wp\/v2\/comments?post=178"}],"wp:featuredmedia":[{"embeddable":true,"href":"https:\/\/evervue.com.pa\/tienda\/wp-json\/wp\/v2\/media\/249"}],"wp:attachment":[{"href":"https:\/\/evervue.com.pa\/tienda\/wp-json\/wp\/v2\/media?parent=178"}],"wp:term":[{"taxonomy":"product_brand","embeddable":true,"href":"https:\/\/evervue.com.pa\/tienda\/wp-json\/wp\/v2\/product_brand?post=178"},{"taxonomy":"product_cat","embeddable":true,"href":"https:\/\/evervue.com.pa\/tienda\/wp-json\/wp\/v2\/product_cat?post=178"},{"taxonomy":"product_tag","embeddable":true,"href":"https:\/\/evervue.com.pa\/tienda\/wp-json\/wp\/v2\/product_tag?post=178"}],"curies":[{"name":"wp","href":"https:\/\/api.w.org\/{rel}","templated":true}]}}